**2 - 2*o - 5. Let b be a(4). Suppose -b*f + 4*f = 319. Calculate the highest common factor of f and 29.
29
Suppose 4*d = 7*d. Suppose -3 = 4*o + 5*t + 3, 2*o + t = d. What is the highest common factor of o and 4?
1
Suppose 6*z = 2253 + 183. What is the highest common divisor of 7 and z?
7
Suppose 0*m = m - 11. Let w be (-4)/10 + 2646/15. Let h = w - 110. What is the greatest common divisor of m and h?
11
Let z = -26 + 38. Suppose -3*n + n = -4. Suppose -n*q + 22 + 2 = 0. What is the greatest common factor of q and z?
12
Suppose m = 2*o - 6, -4*o = -4*m + 5*m. Let w be ((-8)/20)/(o/40). Let s be (1 + w)*(-12)/18. What is the greatest common factor of 10 and s?
10
Let l(j) = 342*j**2 + 8*j - 8. Let m be l(1). What is the greatest common divisor of m and 9?
9
Let j(s) = s**2 - 7*s - 2. Let c be j(8). Let o(h) = 7*h**2 - 2*h**2 - 8*h + 5*h**2 + 9 - h**3. Let u be o(c). What is the highest common factor of 42 and u?
21
Let m be 70440/420 - 4/(-14). What is the greatest common divisor of m and 48?
24
Let n be (3/(-2))/(8/(-80)). Suppose -n = -2*z + 15. Suppose -u - 4*w = -38 + 9, -4*w = 4*u - 164. What is the greatest common divisor of z and u?
15
Let b(h) = -2*h**2 + 32*h - 18. Let k be b(13). What is the greatest common factor of k and 420?
60
Let c(u) = u**3 + 33*u**2 - 33*u + 40. Let p be c(-34). Calculate the highest common factor of 726 and p.
6
Suppose 2*i = -2*c + 12, 2*i - c = -4*c + 12. Calculate the greatest common divisor of 16 and i.
2
Suppose 282 = 3*z + 2*k - 3598, 5*k = -z + 1302. What is the greatest common divisor of 68 and z?
68
Let l(f) = -3*f**3 + f**2 + f + 1. Let r be l(-1). Let i = 277 + -249. Calculate the highest common factor of r and i.
4
Let f be 10/(-3) + 3/9. Let g be -2 + 5 + 4 + f. Suppose -d + 2*r = -53 - 14, 255 = g*d + 5*r. Calculate the highest common divisor of d and 13.
13
Suppose 3*s - 161 = 265. Suppose 0 = 4*t - 4*m - 15 - 125, 4*t - s = 2*m. What is the highest common factor of t and 4?
4
Let x = -10 - -36. Let o be (-5516)/(-84) + (-4)/6. What is the highest common factor of x and o?
13
Let w be (-688)/(-6) - (-1)/3. Suppose -3*d = -2*d - w. Let r = d - 65. Calculate the greatest common factor of 125 and r.
25
Suppose 2*s = -2*s, 5*s = -t - 4. Let u = 8 + t. Suppose 203 = -u*x + 1259. What is the highest common factor of 24 and x?
24
Let v = -328 + 463. Suppose 2*a - 4*a = -150. Suppose -a = -0*r - 5*r. What is the highest common divisor of r and v?
15
Let v(w) = w**3 + w**2 - 10*w + 39. Let g be v(0). Calculate the greatest common factor of 403 and g.
13
Let r(i) = -i**2 - i + 45. Let w be r(0). Suppose 0*q = 3*o - 5*q + 20, 20 = -o + 5*q. Suppose f - w + 17 = o. Calculate the highest common factor of 280 and f.
28
Suppose -7*k + 36 = -5*k - 4*t, k - 5*t = 21. What is the highest common factor of k and 24?
8
Let p = -657 - -757. Calculate the greatest common divisor of p and 175.
25
Let p = -1 - -7. Let c be (-17 - -10)/(2/(-10)). Let x = c - 29. Calculate the highest common divisor of p and x.
6
Let v = -12 - -20. Suppose -b = -7*z + 2*z - 1548, 1246 = -4*z - 3*b. Let f = z + 330. What is the highest common divisor of f and v?
4
Suppose -6*x + 17*x = 715. Let b be 786/39 + (-10)/x. Calculate the greatest common divisor of b and 10.
10
Let t be 0 + 3*(-6)/9. Let y be -4 + (-18)/(-3) + t. Suppose q + q - 3*s = 151, -2*q + 5*s + 149 = y. Calculate the greatest common divisor of 11 and q.
11
Let b be (3/3*-46)/2. Let v = b - -25. Let q be (-4 - -224)/v - -2. Calculate the highest common factor of q and 16.
16
Suppose 5*p + 3*x - 987 = 0, -4*p - 5*x - 431 = -1231. Calculate the greatest common factor of p and 5.
5
Let z(t) = -2*t**3 - 16*t**2 - 15*t - 10. Let s be z(-10). Suppose -3*l + s = -d, -5*l + 3*d - d + 900 = 0. What is the greatest common factor of l and 20?
20
Let c = 131 + -264. Let m = c + 155. What is the greatest common divisor of m and 55?
11
Let j(v) = -v - 12. Let w be j(-18). Let g = 30 - w. Calculate the greatest common divisor of g and 12.
12
Let a(v) = 5*v + 7. Let r be a(0). What is the highest common factor of r and 931?
7
Suppose -50 = -2*d - 3*d. What is the greatest common divisor of 290 and d?
10
Suppose -8*o + 517 = -1691. What is the greatest common divisor of o and 621?
69
Let a be (-7 - -5)*5265/2. Let k be (-1)/(-4) + a/(-60). Let o = -38 + 49. Calculate the greatest common divisor of k and o.
11
Let x = -18 - 9. Let o = x - -60. Suppose -2 + o = f. Calculate the highest common factor of 341 and f.
31
Suppose 74*v - 1548 = -364. Suppose 2*s = 4*s - 4. Suppose -p - b = -129, -2 - s = -4*b. What is the highest common divisor of v and p?
16
Let j(g) = -4*g**3 + 4*g - 4*g**2 + 6*g**3 - 6*g - g**3 + 9. Let r be j(5). Calculate the greatest common factor of r and 16.
8
Let a be 3/(-2) - 76/8. Let u = 1 - a. Calculate the greatest common factor of u and 84.
12
Let l = 12 + -7. Suppose -4*j = -l*j + 11. Let m = 333 - 322. Calculate the highest common divisor of j and m.
11
Suppose s - 35 = -c - 12, -4*c - 3*s + 89 = 0. Suppose -5*g - 30 = -5*o - 270, -o = -2. What is the highest common divisor of g and c?
10
Let a(m) = -116*m - 875. Let o be a(-9). What is the highest common divisor of 1 and o?
1
Let m = 54 - 10. Let a = 14 - 68. Let n = m - a. What is the greatest common factor of 14 and n?
14
Let a(q) = q**3 + 14*q**2 + 8*q + 15. Let h be a(-9). Calculate the greatest common factor of 12 and h.
12
Let p = 0 - -7. Suppose -5*c + 0*c = -5*u - 225, 4 = u. Calculate the greatest common factor of p and c.
7
Let k(v) = -v**3 + 7*v**2 - 7*v + 2. Let g be k(5). Let o be (40/3)/(-2)*2091/(-82). What is the highest common factor of g and o?
17
Suppose -34 = -2*k + 110. Calculate the highest common divisor of k and 84.
12
Let s = 41 + -22. Let f(x) = -x**2 + 6*x + 134. Let w be f(15). Let j = s - w. What is the highest common factor of 4 and j?
4
Suppose 68 = 4*a + d, -8*d + 12*d - 34 = -2*a. Calculate the highest common divisor of a and 425.
17
Suppose -604*z = -612*z + 640. What is the greatest common factor of 80 and z?
80
Let b = -91 + 108. What is the highest common divisor of b and 34?
17
Suppose -39*o + 1630 + 632 = 0. What is the greatest common factor of 290 and o?
58
Let j(g) = 2*g**3 - 7*g**2 + 6*g + 10. Let h be j(8). Let q = h + -282. Calculate the highest common divisor of 44 and q.
44
Let p(s) = 57*s - 657. Let r be p(12). What is the greatest common factor of 3 and r?
3
Let r(s) = -2*s**3 - 45*s**2 + 46*s - 13. Let h be r(-24). Calculate the highest common divisor of 47 and h.
47
Let d(k) = 5*k - 5. Let g be d(2). Suppose 0 = -g*a + 85 - 0. Calculate the greatest common divisor of a and 119.
17
Let j be 5/(-10) - (-15)/6. Let t(g) = -41*g + 4. Let v be t(j). Let k be (1/(-3))/(2/v). Calculate the greatest common divisor of k and 143.
13
Suppose 0 = -0*x + 3*x - 270. Let h = -701 - -716. Calculate the greatest common divisor of x and h.
15
Let v be 72/(-828) - 968/(-23). Calculate the greatest common factor of v and 28.
14
Let r(v) = v**3 + 7*v**2 + 6. Suppose -9 = -d + 7. Suppose 2*i = -c - 13, 2*c - 3*i = 3*c + d. Let u be r(c). Calculate the highest common factor of 6 and u.
6
Suppose -l + 1 = -4. Suppose -3*q + 47 + 25 = -2*v, -l*v + 96 = 4*q. Let m be 5*(66/15 - 2). What is the highest common factor of m and q?
12
Let y = 1 + 1. Suppose -5*h + 6*i - 2*i - 691 = 0, 3*i + 258 = -y*h. Let d be ((-2)/3)/(6/h). What is the greatest common divisor of 135 and d?
15
Suppose -4*r = -4*o + 4, -3*r + 2*r + 19 = 4*o. Suppose 5*q = o + 6. Suppose 0 = -11*g + 10*g + 10. Calculate the highest common factor of q and g.
2
Let u be 2 - (-3 + 1/2*6). Let v be ((-6)/1)/(4/32). Let b be (0 + 1)/((-6)/v). What is the highest common divisor of u and b?
2
Let w(m) = 13*m**3 + 6*m**2 + 8*m - 16. Let i be w(3). Calculate the greatest common divisor of i and 59.
59
Suppose -3*l = -0*z + z - 72, 3*l - 12 = 0. Calculate the highest common factor of 105 and z.
15
Let s(b) = 132*b + 431. Let d be s(-3). What is the highest common divisor of 5355 and d?
35
Let z = -133 - -203. What is the highest common factor of 30 and z?
10
Let n(s) = s**3 + 6*s**2 + 6*s + 3. Let v = -38 + 36. Let y be n(v). What is the highest common divisor of y and 77?
7
Let b = -725 - -732. Suppose -11 - 17 = -2*m. Calculate th